lue of -3 + (-2 - (-4 - (3 - 2))) - 10?
-10
What is the value of -28 + 0 + (173 - 141)?
4
2 + -2 + 7 + -2 - 29
-24
What is -2 + -10 + (2 + -11 - (70 - 45))?
-46
Evaluate -38 - (-76 - (-42 + -4)).
-8
What is the value of -8 + 8 + -70 + 143 + -97?
-24
-22 + 55 + -23 - 24 - 23
-37
What is the value of (-37 - -13 - -13) + 10 + -31?
-32
Calculate (3 + (7 - 25) - -1 - 3) + 14 + 91.
88
Evaluate 89 + 12 + -24 - (154 - 125).
48
What is the value of 6 - (-53 + (3 - -16))?
40
What is (96 - 2) + (109 + -41 - 76)?
86
What is -1525 + 1627 - (54 - 0)?
48
Evaluate -49 - -66 - (34 + (5 - 9 - -6)).
-19
What is 4113 + -4204 - (-1 - 157)?
67
Evaluate -4 + (-103 - (21 + -42 + (0 - -6))).
-92
Evaluate (-6 + -1 - ((66 - 25) + -42)) + 150.
144
Evaluate (-64 - -3 - (-346 + 327)) + 22.
-20
Calculate (24 - (40 + 8)) + (103 - (5 - 14)).
88
Calculate (-192 + 194 - (9 + 38)) + -89.
-134
-43 + (56 - ((-2 - -29) + 15))
-29
13 + (133 - 130 - (1 + -7)) + -7
15
What is -12 + -4 + -7 + -64 - (15 - 3 - 2)?
-97
What is the value of (20 + -6 + -10 - 2 - -29) + (1 - -3)?
35
(0 - 8) + 21 + 10 + (11 - (-19 + 89))
-36
15 - (-11 + (-19 + 13 - -1))
31
What is the value of 45 + (50 - 60 - 9)?
26
Calculate (6 - (13 - 5) - (-194 + 120)) + -2.
70
(20 - -5) + -20 - (-4 + (-17 - 1) + -3)
30
What is (-137 - -64 - -63) + (0 - -59)?
49
Calculate -1851 + 1868 + 0 + 3 + 58.
78
What is the value of 37 + -26 - 11 - (-5 - -20)?
-15
Evaluate -6 - -17 - (25 - (-2 - -10)).
-6
Calculate -45 - (43 + -121 + 1).
32
Evaluate (12 - 0 - -1) + -14 - (-155 - -128).
26
What is the value of 6 + -27 + 16 - (5 - 5) - (-2 + 62)?
-65
Calculate -28734 - -28812 - (0 + 105).
-27
What is the value of (45 - 20 - 17) + -3 + 3 - 20?
-12
Calculate -98 - (-34 + -30 + 18).
-52
28 + 2 + 24 + (12 - (-17 + 41 + 7))
35
Evaluate -47 + 12 + (21 - -4) + -21.
-31
Calculate -28 + -1 - (30 - (-6 + 24) - 20).
-21
What is the value of -21 + -21 + -1 + 43 - (0 + -3)?
3
What is (-22 - (-8 - 5) - 6) + -4?
-19
What is the value of (119 - 70 - -10) + -1 + -18?
40
185 + (-49 - 50) + -89
-3
What is the value of -43 - ((36 - (12 - 13)) + 2)?
-82
Evaluate 22 - -31 - -7 - (65 - 30).
25
Calculate (125 - 2) + -2811 + 2783.
95
Calculate (-13 - (-60 + 44)) + (-2 + -3 - -33).
31
What is the value of 100 + -2 - (15522 - 15319)?
-105
Calculate (-24 - -5) + -64 + 26 + 7 + -65.
-115
Calculate -39 - (-68 - -114) - -14.
-71
What is the value of (-8 - (-54 + -10) - -11) + -11?
56
What is the value of 23 - (14 - (14 + 22))?
45
(-90 - -88 - (-7 + 14 + -2)) + (42 - 0)
35
What is the value of 59 - (-2 + -17 - -73 - 32)?
37
-26 - ((-89 - -231) + -90)
-78
Calculate 24 + (73 - 105) - (1 - -10).
-19
Calculate -3 + 1 + 2 - -39 - (-5 + 74 + -61).
31
-94 - ((-18 + 9 - -27) + -16)
-96
What is the value of -94 - ((99 - 106) + 16 + 5)?
-108
42 + (25 - (-57 + 141))
-17
What is -2 + (-14 - -38) + -20 + -2 + 46 + -2?
44
8 - ((-19 - 3) + (2 + 4 - 1))
25
What is the value of 49 + -59 + 40 - (0 - -1 - -7)?
22
((-18 - -1) + (33 - 7) - -43) + 12
64
Evaluate -67 + -69 + 156 + -9.
11
Evaluate -14 - (-7 + -7 + (-2 - -16) + 14).
-28
What is (12 - -4) + (-71 - -58)?
3
What is the value of 51 + 35 - -53 - 28?
111
What is the value of (2342 - 2297 - (1 - -40)) + -3?
1
Calculate (47 - (-1 + 0 - -12 - 8)) + -29 + 30.
45
What is (66 - 74) + (35 - -10) + 19?
56
What is -5706 + 5823 - (56 + 1)?
60
What is the value of (-51 + 12 - -38) + -37?
-38
Evaluate -11 + (-21 - (9 - 22) - (15 - 7 - -45)).
-72
-16 - (-25 - -13) - (1 + 0 + 1)
-6
What is 3 - 1 - 8 - (14 - 24 - -57)?
-53
What is the value of (-1 - -4) + -3 + 43 - (11 - (32 + -9))?
55
Evaluate (-12 + -18 - -16) + (3 + -6 - -30).
13
What is the value of -2 - 2 - (11 - 3 - (-64 - -80) - -11)?
-7
What is -151 - -87 - (-43 - -48)?
-69
What is 4 - (-2 - -25) - (-37 - (-96 - -110))?
32
Calculate (0 - 1) + -4 + (5 + -89 - -66).
-23
What is 3 + 85 - 99 - (-3 + (-19 - -2))?
9
Calculate -39 + 80 + -13 + 53.
81
Calculate (3 - -4) + (-84 - (161 - 151)).
-87
Calculate (-11 - 1 - 1) + (-76 + 90 - (11 - 13)).
3
Calculate -137 + 129 - (1 + (4 - (-4 - (6 + -12)))).
-11
-25 - (0 - -1 - 0) - 0 - (19587 - 19590)
-23
-12 + -25 + 14 + (2 + 0 - 72)
-93
What is the value of -104 + -39 + 82 + -9?
-70
What is the value of -116 + (96 - 38 - -43)?
-15
What is (-3 + (4 - (-17 - -11)) - 44) + -4?
-41
Evaluate 6 + 50 + -44 + 9 + (3 - 3).
21
Calculate 4 + -4 - 4 - (-5 - (37 + -15)).
23
What is -33 - -20 - (12 + -13)?
-12
(-10 - 10) + 15 + (31 - 68)
-42
What is 0 + (1 - (48 - (-6 + (12 - 2))))?
-43
What is 6 - (12 + -24 + 4 + 1)?
13
What is the value of -6 + 13 - 8 - (25 + -31 + 59)?
-54
What is the value of 3 + -15 + 9 + 1 + (2 - (3 + -86))?
83
Calculate 1279 + -1358 - (3 - 145).
63
Calculate (-18 + -3 - -16) + -5 + 60 + -2.
48
What is (-92 - -239 - 64) + 1?
84
Evaluate 35 + -23 - ((-56 - -40) + -93).
121
What is the value of -73 + -53 + 11 + -1 + 36?
-80
42 - 0 - (0 + (-1 - -2)) - (-4 + -4)
49
(13 + -26 - -25) + (3 - 45) - 4
-34
Calculate (79 + -354 - -253) + (1 - -11).
-10
What is the value of (1 + -4 + 43 - (4 - -9)) + -5?
22
What is 66 - (40 + 30) - (159 + 1) - (-4 + -10)?
-150
-6 - -15 - -6 - (44 + -21 + -11)
3
Calculate -1 + (25 + (-14 - -10) + 10 - (-1 + 4)).
27
What is -13 + -10 + 21 - (-23 - -29)?
-8
-878 - -869 - (-2 + 7 + 2)
-16
Calculate (-14 - -42) + 39 - 19.
48
What is 4 + -11 - -4 - (-35 + 152 + -150)?
30
Calculate -8 + -7 + -5 + 5.
-15
Calculate 14 + (47 - 34) + -77 + 2 + -1.
-49
What is the value of (-29 - (50 + -50)) + 33?
4
What is 27 - (-2 + (-26 - -47) + -23) - (-1 + 14)?
18
Evaluate 11 - (-1 + (-3 - -2) + (-27 - 7)).
47
What is -42 + (44 - (90 - 57))?
-31
What is the value of -165 + (23 - 11) + 25?
-128
Evaluate 133 - 136 - (16 - -24).
-43
Evaluate (1 - 0) + (7 + -19 - -4) + 1 + 19.
13
What is the value of (-9 - (-16 - 22) - -5) + -4?
30
Calculate -45 - (-20 + -11) - (-59 + 11).
34
What is -41 + (-13 - (-29 - 18))?
-7
What is the value of 266 + -81 - 71 - 170?
-56
Calculate 0 - (58 + -11) - -27.
-20
Calculate 27 - -12 - (-6 - (-5 - 15 - -22)).
47
-75 - (-5 + 0 + 5) - (30 + 2 + -31)
-76
Calculate (-24 - 8 - 1) + (14 - 1) + -12.
-32
Evaluate -10 + 96 + -22 + (-10 - -19 - -22).
95
(36 + 0 - 43) + (44 + 2 - 3)
36
What is (5 - (15 + (0 + -20 - -5))) + -12?
-7
Calculate (-9 + 22 - -5) + -3 - (7 + -5 + -4).
17
Calculate 9 + 2 - (122 + -113 - (3 - 7)).
-2
Evaluate -21 - ((14 + -52 - 27) + 3).
41
What is 19 + 9 + (18 - 95) + -3?
-52
Evaluate -63 + (-85 + 63 - -55).
-30
-13 + 35 + -14 + (-4 + -1 - -2)
5
Calculate -59 + 150 + (-1 - -3) + -1.
92
Evaluate -27 - -1 - (-102 + (45 - 7)).
38
Calculate -1 - 0 - ((8 + 77 - 46) + 67).
-107
Evaluate 7 + 12 + -14 + (-49 - 2).
-46
What is the value of 54 - (20 - (12 + -28))?
18
-24 + 155 - 76 - 77
-22
What is 30 + (-9 - (-9 + 10 + (8 - 26) - -9))?
29
What is (48 - (38 - -2)) + -3 + 1?
6
Calculate 1 - 4 - ((60 - 102) + -18).
57
Evaluate -5 - (24 + -1 - (111 + -88)).
-5
Calculate (-6 - (-737 - -744 - (21 + -1))) + 50 + 1.
58
14 - ((22 - -2) + -1 + (-3584 - -3577))
-2
Evaluate -56 + (-14 - -44) - (-30 + 6).
-2
Calculate 45 + -64 - 6 - -24.
-1
What is the value of 20 + -1 + (97 + -140 - (-20 + -14))?
10
(19 - ((33 - 48) + (-1 - 49))) + 16
100
What is (0 - -32 - (-2 - 17)) + (2 - 13)?
40
Evaluate 5 + (18 + -49 - -6) - 19.
-39
What is the value of 74 + (5 + 9 + -6 - 18) + -14?
50
Calculate -1 + (0 - 0) - 24 - (-278 + 273).
-20
What is the value of (20 - (1 + -4 + 16)) + (2 - 0)?
9
(27 - -15) + 55 + -89
8
Calculate (-38 - (-27 - -24)) + 94.
59
Evaluate -54 - -2 - (2017 - 2034).
-35
What is -1 + 4 + -8 - (-78 - (-25 - (-11 - -1)))?
58
Evaluate -88 + 83 + (9 - 27).
-23
Evaluate 16 + (-3 - (-7 - 5)) + (-63 - 20).
-58
What is 352 + -321 - (1 - 19)?
49
Calculate (10 + (0 + -9 - -13) - 45) + 7.
-24
What is -19 - 1 - (18 + (9 - -3) + -39) - -95?
84
Evaluate -22 + (30 - 1) - -30.
37
Calculate 77 + 5 - 6 - (16 + -11 - 1).
72
(0 - (0 + 12)) + 2 + -21 + (213 - 189)
-7
Evaluate 32 - (-11 + -32 - -60) - (3 - -1).
11
Calculate 1 + 5 - 1 - (2170 - 2176).
11
Evaluate 22 - (-14 - -6) - 7 - (5 + -5 + 8).
15
What is the value of 5 + (-18 - (-6 + -2)) + -7 + 6 - -57?
51
What is the value of -1 + -8 + 15 + -2 + -7 + -50?
-53
What is the value of (2 - (9 - (8 - 5) - -3)) + 3 + -58?
-62
-97 - (-33 + (-129 - -66))
-1
What is the value of 4 + (16 - -5) 